{"id":57,"date":"2020-12-10T07:53:32","date_gmt":"2020-12-10T06:53:32","guid":{"rendered":"http:\/\/ssr.org.pl\/?page_id=57"},"modified":"2021-07-30T17:15:56","modified_gmt":"2021-07-30T15:15:56","slug":"projekty","status":"publish","type":"page","link":"https:\/\/ssr.org.pl\/index.php\/projekty\/","title":{"rendered":"Projekty"},"content":{"rendered":"\n<div class=\"wp-block-image\"><figure class=\"aligncenter size-large\"><img decoding=\"async\" loading=\"lazy\" width=\"948\" height=\"121\" src=\"https:\/\/ssr.org.pl\/wp-content\/uploads\/2020\/12\/innowacyjny.jpg\" alt=\"\" class=\"wp-image-70\" srcset=\"https:\/\/ssr.org.pl\/wp-content\/uploads\/2020\/12\/innowacyjny.jpg 948w, https:\/\/ssr.org.pl\/wp-content\/uploads\/2020\/12\/innowacyjny-300x38.jpg 300w, https:\/\/ssr.org.pl\/wp-content\/uploads\/2020\/12\/innowacyjny-768x98.jpg 768w\" sizes=\"(max-width: 948px) 100vw, 948px\" \/><\/figure><\/div>\n\n\n\n<p class=\"has-text-align-center\">\u201eEuropejski Fundusz Rolny na rzecz Rozwoju Obszar\u00f3w Wiejskich: Europa inwestuj\u0105ca w obszary wiejskie\u201d<br>\u201eOperacja wsp\u00f3\u0142finansowana ze \u015brodk\u00f3w Unii Europejskiej w ramach Schematu II Pomocy Technicznej \u201eKrajowa Sie\u0107 Obszar\u00f3w Wiejskich\u201d Programu Rozwoju Obszar\u00f3w Wiejskich na lata 2014-2020\u201d<br>\u201eInstytucja Zarz\u0105dzaj\u0105ca Programem Rozwoju Obszar\u00f3w Wiejskich na lata 2014-2020 &#8211; Minister Rolnictwa i Rozwoju Wsi\u201d<\/p>\n\n\n\n<p class=\"has-text-align-center\"><strong>15.07.2021<br><\/strong>Uniwersytet Przyrodniczy we Wroc\u0142awiu wraz z Partnerami projektu<br>zaprasza do udzia\u0142u w wyjazdach studyjnych organizowanych<br>w ramach operacji \u201eKierunek na rozw\u00f3j \u2013 szkolenia i wyjazdu studyjne dla bran\u017cy serowarskiej\u201d wsp\u00f3\u0142finansowanej ze \u015brodk\u00f3w Unii Europejskiej w ramach Schematu II Pomocy Technicznej \u201eKrajowa Sie\u0107 Obszar\u00f3w Wiejskich\u201d Programu Rozwoju Obszar\u00f3w Wiejskich na lata 2014-2020<\/p>\n\n\n\n<p class=\"has-text-align-center\">Do udzia\u0142u zapraszamy: producent\u00f3w sera, osoby zwi\u0105zane z bran\u017c\u0105 serowarsk\u0105 oraz osoby zainteresowane podj\u0119ciem zatrudnienia w bran\u017cy serowarskiej.<\/p>\n\n\n\n<p class=\"has-text-align-center\">Terminy wyjazd\u00f3w studyjnych:<\/p>\n\n\n\n<p class=\"has-text-align-center\">Wyjazd studyjny do Hiszpanii: 16.08.-22.08.2021<\/p>\n\n\n\n<p class=\"has-text-align-center\">Wyjazd studyjny do Francji: 13.09.-19.09.2021<\/p>\n\n\n\n<p class=\"has-text-align-center\">Uwaga! Ze wzgl\u0119du na dynamiczn\u0105 sytuacj\u0105 zwi\u0105zan\u0105 z COVID-19, terminy wyjazd\u00f3w studyjnych mog\u0105 ulec zmianie!<\/p>\n\n\n\n<p class=\"has-text-align-center\">Dokumenty rekrutacyjne nale\u017cy przes\u0142a\u0107 poczt\u0105 elektroniczn\u0105 na adres: rekrutacjassr@gmail.com lub faksem na nr 918343477.<\/p>\n\n\n\n<p class=\"has-text-align-center\">Wzory dokument\u00f3w rekrutacyjnych s\u0105 dost\u0119pne na stronie Stowarzyszenia Serowar\u00f3w Rzemie\u015blniczych (https:\/\/ssr.org.pl\/index.php\/projekty\/) oraz Sekcji Kszta\u0142cenia Ustawicznego i Organizacji Szkole\u0144 Uniwersytetu Przyrodniczego we Wroc\u0142awiu (www.cku.upwr.edu.pl\/projekty\/ ).<\/p>\n\n\n\n<p class=\"has-text-align-center\">Rekrutacja rozpocznie si\u0119 15.07.2021.<\/p>\n\n\n\n<p class=\"has-text-align-center\">Zako\u0144czenie rekrutacji: 23.07.2021<\/p>\n\n\n\n<div class=\"wp-block-file\"><a href=\"https:\/\/ssr.org.pl\/wp-content\/uploads\/2021\/07\/Zasady-rekrutacji-Francja.pdf\">Zasady rekrutacji Francja<\/a><a href=\"https:\/\/ssr.org.pl\/wp-content\/uploads\/2021\/07\/Zasady-rekrutacji-Francja.pdf\" class=\"wp-block-file__button\" download>Pobierz<\/a><\/div>\n\n\n\n<div class=\"wp-block-file\"><a href=\"https:\/\/ssr.org.pl\/wp-content\/uploads\/2021\/07\/Karta-zgolszenia-Francja.pdf\">Karta zg\u0142oszenia Francja<\/a><a href=\"https:\/\/ssr.org.pl\/wp-content\/uploads\/2021\/07\/Karta-zgolszenia-Francja.pdf\" class=\"wp-block-file__button\" download>Pobierz<\/a><\/div>\n\n\n\n<div class=\"wp-block-file\"><a href=\"https:\/\/ssr.org.pl\/wp-content\/uploads\/2021\/07\/Zasady-rekrutacji_wyjazd-studyjny_Hiszpania.pdf\">Zasady rekrutacji Hiszpania<\/a><a href=\"https:\/\/ssr.org.pl\/wp-content\/uploads\/2021\/07\/Zasady-rekrutacji_wyjazd-studyjny_Hiszpania.pdf\" class=\"wp-block-file__button\" download>Pobierz<\/a><\/div>\n\n\n\n<div class=\"wp-block-file\"><a href=\"https:\/\/ssr.org.pl\/wp-content\/uploads\/2021\/07\/Karta-zgloszenia-Hiszpania.pdf\">Karta zg\u0142oszenia Hiszpania<\/a><a href=\"https:\/\/ssr.org.pl\/wp-content\/uploads\/2021\/07\/Karta-zgloszenia-Hiszpania.pdf\" class=\"wp-block-file__button\" download>Pobierz<\/a><\/div>\n\n\n\n<hr class=\"wp-block-separator\"\/>\n\n\n\n<p><strong>Uniwersytet Przyrodniczy we Wroc\u0142awiu wraz z Partnerami projektu<\/strong><\/p>\n\n\n\n<p><strong>zaprasza do udzia\u0142u w szkoleniach organizowanych<\/strong><\/p>\n\n\n\n<p><strong>w ramach operacji<\/strong><\/p>\n\n\n\n<p>\u201e<strong>Kierunek na rozw\u00f3j &#8211; szkolenia i wyjazdu studyjne dla bran\u017cy serowarskiej\u201d<\/strong><\/p>\n\n\n\n<p>wsp\u00f3\u0142finansowanej ze \u015brodk\u00f3w Unii Europejskiej w ramach Schematu II Pomocy Technicznej \u201eKrajowa Sie\u0107 Obszar\u00f3w Wiejskich\u201d Programu Rozwoju Obszar\u00f3w Wiejskich na lata 2014-2020&nbsp;<\/p>\n\n\n\n<p>B\u0119dzie to <strong>pierwszy w Polsce cykl szkole\u0144<\/strong> umo\u017cliwiaj\u0105cy zdobycie kompleksowej wiedzy i umiej\u0119tno\u015bci praktycznych z zakresu szeroko rozumianego serowarstwa.<\/p>\n\n\n\n<p>Do udzia\u0142u w szkoleniach zapraszamy: producent\u00f3w sera, osoby zwi\u0105zane z bran\u017c\u0105 serowarsk\u0105 oraz osoby zainteresowane podj\u0119ciem zatrudnienia w bran\u017cy serowarskiej z<\/p>\n\n\n\n<p>&#8211; wojew\u00f3dztwa dolno\u015bl\u0105skiego (co najmniej 2 osoby),<\/p>\n\n\n\n<p>&#8211; wojew\u00f3dztwa wielkopolskiego (co najmniej 2 osoby),<\/p>\n\n\n\n<p>&#8211; wojew\u00f3dztwa zachodniopomorskiego (co najmniej 2 osoby),<\/p>\n\n\n\n<p>&#8211; wojew\u00f3dztwa kujawsko-pomorskiego (co najmniej 2 osoby),<\/p>\n\n\n\n<p>&#8211; wojew\u00f3dztwa mazowieckiego (co najmniej 2 osoby),<\/p>\n\n\n\n<p>kt\u00f3re b\u0119d\u0105 uczestniczy\u0142y w pe\u0142nym cyklu szkole\u0144.<\/p>\n\n\n\n<p>Cykl szkole\u0144 obejmuje <strong>160 godz. zaj\u0119\u0107<\/strong> (wyk\u0142ady oraz zaj\u0119cia praktyczne tj. warsztatowe, laboratoryjne i wyjazdy terenowe). Cykl szkole\u0144 ko\u0144czy si\u0119 egzaminem.<\/p>\n\n\n\n<p><strong>Tryb prowadzenia zaj\u0119\u0107<\/strong>: zaj\u0119cia realizowane b\u0119d\u0105 w formule hybrydowej &#8211; stacjonarnie oraz online.<\/p>\n\n\n\n<p>Termin rekrutacji: 10.12.2020 \u2013 22.12.2020<\/p>\n\n\n\n<p>Wszystkich ch\u0119tnych zapraszamy do sk\u0142adania zg\u0142oszenia udzia\u0142u w szkoleniach.<\/p>\n\n\n\n<p>Liczba miejsc ograniczona! W szkoleniu mo\u017ce wzi\u0105\u0107 udzia\u0142 15 os\u00f3b.<\/p>\n\n\n\n<p>Zasady rekrutacji i karta zg\u0142oszenia dost\u0119pne s\u0105 na stronie https:\/\/ssr.org.pl oraz <a href=\"http:\/\/www.cku.upwr.edu.pl\/projekty\/\">http:\/\/www.cku.upwr.edu.pl\/projekty\/<\/a><\/p>\n\n\n\n<div class=\"wp-block-file\"><a href=\"https:\/\/ssr.org.pl\/wp-content\/uploads\/2020\/12\/Karta-zgloszenia-PDF.pdf\">Karta-zgloszenia<\/a><a href=\"https:\/\/ssr.org.pl\/wp-content\/uploads\/2020\/12\/Karta-zgloszenia-PDF.pdf\" class=\"wp-block-file__button\" download>Pobierz<\/a><\/div>\n\n\n\n<div class=\"wp-block-file\"><a href=\"https:\/\/ssr.org.pl\/wp-content\/uploads\/2020\/12\/Zasady-rekrutacji_na-ologowaniu_10.12..pdf\">Zasady-rekrutacji<\/a><a href=\"https:\/\/ssr.org.pl\/wp-content\/uploads\/2020\/12\/Zasady-rekrutacji_na-ologowaniu_10.12..pdf\" class=\"wp-block-file__button\" download>Pobierz<\/a><\/div>\n\n\n\n<p><\/p>\n","protected":false},"excerpt":{"rendered":"<p>\u201eEuropejski Fundusz Rolny na rzecz Rozwoju Obszar\u00f3w Wiejskich: Europa inwestuj\u0105ca w obszary wiejskie\u201d\u201eOperacja wsp\u00f3\u0142finansowana ze \u015brodk\u00f3w Unii Europejskiej w ramach Schematu II Pomocy Technicznej \u201eKrajowa Sie\u0107 Obszar\u00f3w Wiejskich\u201d Programu Rozwoju Obszar\u00f3w Wiejskich na lata 2014-2020\u201d\u201eInstytucja Zarz\u0105dzaj\u0105ca Programem Rozwoju Obszar\u00f3w Wiejskich na lata 2014-2020 &#8211; Minister Rolnictwa i Rozwoju Wsi\u201d 15.07.2021Uniwersytet Przyrodniczy we Wroc\u0142awiu wraz z [&hellip;]<\/p>\n","protected":false},"author":1,"featured_media":0,"parent":0,"menu_order":0,"comment_status":"closed","ping_status":"closed","template":"templates\/template-full-width.php","meta":[],"_links":{"self":[{"href":"https:\/\/ssr.org.pl\/index.php\/wp-json\/wp\/v2\/pages\/57"}],"collection":[{"href":"https:\/\/ssr.org.pl\/index.php\/wp-json\/wp\/v2\/pages"}],"about":[{"href":"https:\/\/ssr.org.pl\/index.php\/wp-json\/wp\/v2\/types\/page"}],"author":[{"embeddable":true,"href":"https:\/\/ssr.org.pl\/index.php\/wp-json\/wp\/v2\/users\/1"}],"replies":[{"embeddable":true,"href":"https:\/\/ssr.org.pl\/index.php\/wp-json\/wp\/v2\/comments?post=57"}],"version-history":[{"count":17,"href":"https:\/\/ssr.org.pl\/index.php\/wp-json\/wp\/v2\/pages\/57\/revisions"}],"predecessor-version":[{"id":95,"href":"https:\/\/ssr.org.pl\/index.php\/wp-json\/wp\/v2\/pages\/57\/revisions\/95"}],"wp:attachment":[{"href":"https:\/\/ssr.org.pl\/index.php\/wp-json\/wp\/v2\/media?parent=57"}],"curies":[{"name":"wp","href":"https:\/\/api.w.org\/{rel}","templated":true}]}}